ds digit of 26901082?
1
What is the tens digit of 10094983?
8
What is the hundreds digit of 572047?
0
What is the hundred thousands digit of 276267?
2
What is the hundred thousands digit of 215902?
2
What is the thousands digit of 838964?
8
What is the tens digit of 677442?
4
What is the hundred thousands digit of 991797?
9
What is the units digit of 6835043?
3
What is the units digit of 2982645?
5
What is the thousands digit of 437097?
7
What is the millions digit of 1641445?
1
What is the hundred thousands digit of 1827615?
8
What is the hundreds digit of 1175020?
0
What is the thousands digit of 11348294?
8
What is the tens digit of 7675224?
2
What is the millions digit of 20790123?
0
What is the ten millions digit of 15483210?
1
What is the hundred thousands digit of 1609628?
6
What is the hundreds digit of 858000?
0
What is the ten thousands digit of 658794?
5
What is the thousands digit of 33076095?
6
What is the hundreds digit of 750644?
6
What is the tens digit of 203385?
8
What is the hundreds digit of 756094?
0
What is the tens digit of 128983?
8
What is the ten millions digit of 10328499?
1
What is the hundred thousands digit of 5685823?
6
What is the tens digit of 415823?
2
What is the ten thousands digit of 9025437?
2
What is the units digit of 4236954?
4
What is the ten millions digit of 10760970?
1
What is the hundred thousands digit of 9107537?
1
What is the hundred thousands digit of 493024?
4
What is the hundreds digit of 628693?
6
What is the ten thousands digit of 410338?
1
What is the tens digit of 867111?
1
What is the thousands digit of 393718?
3
What is the hundreds digit of 65196?
1
What is the tens digit of 4874829?
2
What is the hundred thousands digit of 16922212?
9
What is the units digit of 30898417?
7
What is the thousands digit of 84911?
4
What is the ten thousands digit of 3363720?
6
What is the ten thousands digit of 2061678?
6
What is the millions digit of 3848667?
3
What is the thousands digit of 3733691?
3
What is the hundred thousands digit of 2047306?
0
What is the units digit of 2949779?
9
What is the hundreds digit of 1014686?
6
What is the tens digit of 207983?
8
What is the ten thousands digit of 874761?
7
What is the ten thousands digit of 498061?
9
What is the ten thousands digit of 20724694?
2
What is the units digit of 3225127?
7
What is the hundred thousands digit of 1002087?
0
What is the hundreds digit of 3489926?
9
What is the ten thousands digit of 1446715?
4
What is the ten thousands digit of 3417930?
1
What is the ten thousands digit of 9570070?
7
What is the thousands digit of 391715?
1
What is the tens digit of 1078411?
1
What is the thousands digit of 1162163?
2
What is the ten thousands digit of 469177?
6
What is the millions digit of 2108357?
2
What is the thousands digit of 14756665?
6
What is the ten thousands digit of 1576929?
7
What is the hundreds digit of 1363484?
4
What is the tens digit of 41070?
7
What is the millions digit of 1284227?
1
What is the hundreds digit of 600883?
8
What is the tens digit of 2714?
1
What is the hundred thousands digit of 23743414?
7
What is the millions digit of 2785601?
2
What is the thousands digit of 30872528?
2
What is the tens digit of 17817?
1
What is the thousands digit of 238601?
8
What is the tens digit of 621187?
8
What is the tens digit of 52161?
6
What is the hundred thousands digit of 837196?
8
What is the hundreds digit of 35019?
0
What is the tens digit of 454780?
8
What is the tens digit of 8332696?
9
What is the units digit of 4131848?
8
What is the units digit of 1567441?
1
What is the thousands digit of 16031261?
1
What is the tens digit of 3061471?
7
What is the thousands digit of 9897498?
7
What is the units digit of 7124576?
6
What is the hundred thousands digit of 1245171?
2
What is the units digit of 3093303?
3
What is the millions digit of 2984351?
2
What is the ten thousands digit of 102586?
0
What is the hundreds digit of 39224?
2
What is the hundred thousands digit of 256819?
2
What is the tens digit of 1894499?
9
What is the ten thousands digit of 1870029?
7
What is the thousands digit of 18178943?
8
What is the hundreds digit of 1810342?
3
What is the millions digit of 1419027?
1
What is the units digit of 14168?
8
What is the hundreds digit of 35571321?
3
What is the thousands digit of 240996?
0
What is the hundred thousands digit of 839905?
8
What is the units digit of 114814?
4
What is the hundreds digit of 16904832?
8
What is the units digit of 38366?
6
What is the ten thousands digit of 6482032?
8
What is the tens digit of 8075760?
6
What is the tens digit of 2261494?
9
What is the units digit of 7148690?
0
What is the hundred thousands digit of 607593?
6
What is the units digit of 186580?
0
What is the hundreds digit of 383501?
5
What is the millions digit of 27427846?
7
What is the hundred thousands digit of 709925?
7
What is the tens digit of 102943?
4
What is the ten thousands digit of 23990733?
9
What is the tens digit of 778553?
5
What is the ten thousands digit of 1850000?
5
What is the thousands digit of 83424?
3
What is the ten thousands digit of 104942?
0
What is the units digit of 1338293?
3
What is the thousands digit of 7555195?
5
What is the hundreds digit of 2074104?
1
What is the hundreds digit of 4167670?
6
What is the ten thousands digit of 3853014?
5
What is the units digit of 1236752?
2
What is the hundred thousands digit of 1387567?
3
What is the units digit of 887191?
1
What is the hundred thousands digit of 495177?
4
What is the units digit of 575160?
0
What is the ten thousands digit of 3488188?
8
What is the ten thousands digit of 985633?
8
What is the hundred thousands digit of 3187675?
1
What is the thousands digit of 374147?
4
What is the ten thousands digit of 402345?
0
What is the tens digit of 129860?
6
What is the millions digit of 2215490?
2
What is the hundred thousands digit of 7800064?
8
What is the hundred thousands digit of 2483728?
4
What is the thousands digit of 528489?
8
What is the millions digit of 12304124?
2
What is the hundred thousands digit of 1688303?
6
What is the units digit of 8880183?
3
What is the hundred thousands digit of 11645009?
6
What is the hundred thousands digit of 160319?
1
What is the hundreds digit of 638745?
7
What is the hundred thousands digit of 11786891?
7
What is the ten thousands digit of 8932158?
3
What is the thousands digit of 28042858?
2
What is the tens digit of 9078?
7
What is the hundreds digit of 468672?
6
What is the units digit of 52814?
4
What is the ten thousands digit of 6592746?
9
What is the ten thousands digit of 503246?
0
What is the hundreds digit of 1005860?
8
What is the hundred thousands digit of 2942930?
9
What is the ten thousands digit of 1211416?
1
What is the units digit of 194587?
7
What is the hundred thousands digit of 10763706?
7
What is the hundred thousands digit of 16791450?
7
What is the units digit of 152311?
1
What is the hundreds digit of 644820?
8
What is the thousands digit of 8104161?
4
What is the hundreds digit of 445919?
9
What is the ten thousands digit of 217175?
1
What is the ten thousands digit of 21634754?
3
What is the hundreds digit of 1148256?
2
What is the units digit of 151010?
0
What is the hundreds digit of 41810?
8
What is the hundreds digit of 24910185?
1
What is the units digit of 446390?
0
What is the hundreds digit of 139439?
4
What is the ten thousands digit of 92725?
9
What is the hundreds digit of 827744?
7
What is the units digit of 17183?
3
What is the units digit of 739157?
7
What is the hundreds digit of 138385?
3
What is the tens digit of 858367?
6
What is the ten thousands digit of 254507?
5
What is the thousands digit of 276468?
6
What is the hundreds digit of 1826781?
7
What is the hundred thousands digit of 565162?
5
What is the hundreds digit of 209609?
6
What is the hundreds digit of 347396?
3
What is the ten thousands digit of 377087?
7
What is the millions digit of 3034165?
3
What is the units digit of 178408?
8
What is the tens digit of 2900483?
8
What is the units digit of 1475618?
8
What is the tens digit of 5051352?
5
What is the ten thousands digit of 26263976?
6
What is the thousands digit of 1952586?
2
What is the ten thousands digit of 820643?
2
What is t